s divided by 128.
6
Calculate the remainder when 719 is divided by 8.
7
Calculate the remainder when 482 is divided by 61.
55
Calculate the remainder when 33 is divided by 8.
1
Calculate the remainder when 132 is divided by 7.
6
What is the remainder when 679 is divided by 655?
24
Calculate the remainder when 88 is divided by 39.
10
What is the remainder when 270 is divided by 39?
36
What is the remainder when 2783 is divided by 48?
47
What is the remainder when 198 is divided by 34?
28
Calculate the remainder when 394 is divided by 120.
34
Calculate the remainder when 156 is divided by 87.
69
Calculate the remainder when 4060 is divided by 23.
12
Calculate the remainder when 353 is divided by 51.
47
What is the remainder when 1151 is divided by 6?
5
Calculate the remainder when 530 is divided by 116.
66
Calculate the remainder when 638 is divided by 80.
78
What is the remainder when 306 is divided by 71?
22
Calculate the remainder when 57 is divided by 9.
3
Calculate the remainder when 755 is divided by 86.
67
Calculate the remainder when 276 is divided by 94.
88
Calculate the remainder when 285 is divided by 23.
9
What is the remainder when 182 is divided by 3?
2
What is the remainder when 1295 is divided by 130?
125
What is the remainder when 41 is divided by 12?
5
Calculate the remainder when 101 is divided by 22.
13
Calculate the remainder when 305 is divided by 77.
74
Calculate the remainder when 36 is divided by 12.
0
Calculate the remainder when 530 is divided by 19.
17
What is the remainder when 2450 is divided by 307?
301
Calculate the remainder when 530 is divided by 132.
2
What is the remainder when 4048 is divided by 21?
16
Calculate the remainder when 635 is divided by 620.
15
What is the remainder when 476 is divided by 6?
2
Calculate the remainder when 62 is divided by 42.
20
What is the remainder when 16 is divided by 2?
0
What is the remainder when 900 is divided by 185?
160
What is the remainder when 429 is divided by 38?
11
Calculate the remainder when 803 is divided by 234.
101
Calculate the remainder when 899 is divided by 60.
59
What is the remainder when 124 is divided by 3?
1
Calculate the remainder when 119 is divided by 56.
7
Calculate the remainder when 145 is divided by 15.
10
What is the remainder when 129 is divided by 56?
17
What is the remainder when 634 is divided by 83?
53
Calculate the remainder when 2558 is divided by 18.
2
Calculate the remainder when 1311 is divided by 101.
99
What is the remainder when 674 is divided by 13?
11
Calculate the remainder when 841 is divided by 80.
41
What is the remainder when 1321 is divided by 63?
61
Calculate the remainder when 1210 is divided by 312.
274
What is the remainder when 18 is divided by 3?
0
What is the remainder when 192 is divided by 15?
12
What is the remainder when 1412 is divided by 236?
232
Calculate the remainder when 94 is divided by 14.
10
What is the remainder when 36537 is divided by 210?
207
What is the remainder when 189 is divided by 63?
0
Calculate the remainder when 27960 is divided by 82.
80
Calculate the remainder when 374 is divided by 76.
70
What is the remainder when 1950 is divided by 16?
14
What is the remainder when 76 is divided by 52?
24
Calculate the remainder when 516 is divided by 127.
8
What is the remainder when 422 is divided by 138?
8
Calculate the remainder when 7100 is divided by 12.
8
Calculate the remainder when 59 is divided by 9.
5
What is the remainder when 798 is divided by 2?
0
What is the remainder when 1112 is divided by 40?
32
Calculate the remainder when 69 is divided by 20.
9
What is the remainder when 511 is divided by 56?
7
Calculate the remainder when 1648 is divided by 28.
24
Calculate the remainder when 3976 is divided by 5.
1
Calculate the remainder when 1733 is divided by 31.
28
What is the remainder when 307 is divided by 148?
11
What is the remainder when 856 is divided by 170?
6
What is the remainder when 1590 is divided by 8?
6
Calculate the remainder when 158 is divided by 53.
52
Calculate the remainder when 232 is divided by 31.
15
What is the remainder when 264 is divided by 55?
44
Calculate the remainder when 560 is divided by 19.
9
Calculate the remainder when 99 is divided by 34.
31
Calculate the remainder when 677 is divided by 223.
8
Calculate the remainder when 244 is divided by 116.
12
Calculate the remainder when 899 is divided by 53.
51
Calculate the remainder when 92 is divided by 42.
8
Calculate the remainder when 658 is divided by 33.
31
What is the remainder when 494 is divided by 55?
54
What is the remainder when 319 is divided by 38?
15
What is the remainder when 62 is divided by 6?
2
Calculate the remainder when 846 is divided by 216.
198
What is the remainder when 373 is divided by 195?
178
What is the remainder when 190 is divided by 10?
0
Calculate the remainder when 188 is divided by 36.
8
Calculate the remainder when 2969 is divided by 99.
98
Calculate the remainder when 157623 is divided by 61.
60
What is the remainder when 3792 is divided by 69?
66
What is the remainder when 861 is divided by 9?
6
Calculate the remainder when 316 is divided by 34.
10
Calculate the remainder when 26 is divided by 23.
3
What is the remainder when 220 is divided by 6?
4
What is the remainder when 7727 is divided by 514?
17
Calculate the remainder when 123 is divided by 95.
28
Calculate the remainder when 1269 is divided by 12.
9
Calculate the remainder when 1117 is divided by 43.
42
What is the remainder when 1131 is divided by 81?
78
Calculate the remainder when 1677 is divided by 48.
45
What is the remainder when 2249 is divided by 10?
9
Calculate the remainder when 522 is divided by 21.
18
What is the remainder when 22 is divided by 8?
6
Calculate the remainder when 205 is divided by 11.
7
What is the remainder when 508 is divided by 8?
4
Calculate the remainder when 2536 is divided by 141.
139
Calculate the remainder when 984 is divided by 26.
22
What is the remainder when 460 is divided by 40?
20
Calculate the remainder when 246 is divided by 23.
16
What is the remainder when 1057 is divided by 86?
25
Calculate the remainder when 323 is divided by 36.
35
What is the remainder when 513 is divided by 26?
19
What is the remainder when 59 is divided by 23?
13
What is the remainder when 3323 is divided by 35?
33
What is the remainder when 239 is divided by 99?
41
Calculate the remainder when 30823 is divided by 411.
409
What is the remainder when 540 is divided by 40?
20
Calculate the remainder when 221 is divided by 24.
5
Calculate the remainder when 226 is divided by 37.
4
What is the remainder when 1728 is divided by 569?
21
What is the remainder when 133 is divided by 105?
28
What is the remainder when 553 is divided by 61?
4
What is the remainder when 161 is divided by 56?
49
Calculate the remainder when 1254 is divided by 259.
218
What is the remainder when 241 is divided by 126?
115
What is the remainder when 13101 is divided by 364?
361
What is the remainder when 1040 is divided by 30?
20
What is the remainder when 2031 is divided by 107?
105
Calculate the remainder when 416 is divided by 70.
66
What is the remainder when 581 is divided by 58?
1
What is the remainder when 47 is divided by 6?
5
What is the remainder when 195 is divided by 33?
30
Calculate the remainder when 870 is divided by 32.
6
What is the remainder when 438 is divided by 148?
142
Calculate the remainder when 1233 is divided by 273.
141
What is the remainder when 99 is divided by 90?
9
Calculate the remainder when 643 is divided by 17.
14
Calculate the remainder when 1434 is divided by 35.
34
Calculate the remainder when 958 is divided by 25.
8
Calculate the remainder when 250 is divided by 214.
36
Calculate the remainder when 72 is divided by 48.
24
Calculate the remainder when 18 is divided by 8.
2
What is the remainder when 4038 is divided by 71?
62
What is the remainder when 455 is divided by 38?
37
What is the remainder when 825 is divided by 1?
0
Calculate the remainder when 608 is divided by 13.
10
What is the remainder when 2628 is divided by 55?
43
What is the remainder when 3121 is divided by 1038?
7
What is the remainder when 468 is divided by 36?
0
Calculate the remainder when 58 is divided by 43.
15
Cal